Last updated on 2024-05-19 01:58:27 CEST.
Flavor | Version | Tinstall | Tcheck | Ttotal | Status | Flags |
---|---|---|---|---|---|---|
r-devel-linux-x86_64-debian-clang | 0.1.0 | 2.22 | 21.08 | 23.30 | OK | |
r-devel-linux-x86_64-debian-gcc | 0.1.0 | 1.68 | 16.27 | 17.95 | OK | |
r-devel-linux-x86_64-fedora-clang | 0.1.0 | 29.21 | NOTE | |||
r-devel-linux-x86_64-fedora-gcc | 0.1.0 | 30.43 | NOTE | |||
r-devel-windows-x86_64 | 0.1.0 | 3.00 | 38.00 | 41.00 | OK | |
r-patched-linux-x86_64 | 0.1.0 | 1.98 | 21.17 | 23.15 | OK | |
r-release-linux-x86_64 | 0.1.0 | 2.01 | 20.72 | 22.73 | OK | |
r-release-macos-arm64 | 0.1.0 | 18.00 | OK | |||
r-release-windows-x86_64 | 0.1.0 | 3.00 | 38.00 | 41.00 | OK | |
r-oldrel-macos-arm64 | 0.1.0 | 15.00 | OK | |||
r-oldrel-macos-x86_64 | 0.1.0 | 18.00 | OK | |||
r-oldrel-windows-x86_64 | 0.1.0 | 4.00 | 40.00 | 44.00 | OK |
Version: 0.1.0
Check: dependencies in R code
Result: NOTE
Namespace in Imports field not imported from: ‘ggplot2’
All declared Imports should be used.
Flavors: r-devel-linux-x86_64-fedora-clang, r-devel-linux-x86_64-fedora-gcc