Last updated on 2024-07-04 02:55:28 CEST.
Flavor | Version | Tinstall | Tcheck | Ttotal | Status | Flags |
---|---|---|---|---|---|---|
r-devel-linux-x86_64-debian-clang | 1.0.1 | 13.17 | 155.90 | 169.07 | NOTE | |
r-devel-linux-x86_64-debian-gcc | 1.0.1 | 9.07 | 108.42 | 117.49 | NOTE | |
r-devel-linux-x86_64-fedora-clang | 1.0.1 | 198.92 | NOTE | |||
r-devel-linux-x86_64-fedora-gcc | 1.0.1 | 184.69 | NOTE | |||
r-devel-windows-x86_64 | 1.0.1 | 12.00 | 113.00 | 125.00 | NOTE | |
r-patched-linux-x86_64 | 1.0.1 | 9.31 | 140.72 | 150.03 | NOTE | |
r-release-linux-x86_64 | 1.0.1 | 12.02 | 142.77 | 154.79 | NOTE | |
r-release-macos-arm64 | 1.0.1 | 52.00 | NOTE | |||
r-release-macos-x86_64 | 1.0.1 | 83.00 | NOTE | |||
r-release-windows-x86_64 | 1.0.1 | 10.00 | 113.00 | 123.00 | NOTE | |
r-oldrel-macos-arm64 | 1.0.1 | 47.00 | OK | |||
r-oldrel-macos-x86_64 | 1.0.1 | 161.00 | OK | |||
r-oldrel-windows-x86_64 | 1.0.1 | 14.00 | 145.00 | 159.00 | OK |
Version: 1.0.1
Check: Rd files
Result: NOTE
checkRd: (-1) NesPrInDT.Rd:17: Lost braces
17 | {see function \code{\link{PrInDT}} for details.}\cr
| ^
checkRd: (-1) PrInDTAll.Rd:16: Lost braces
16 | {see function \code{\link{PrInDT}} for details.}\cr
| ^
checkRd: (-1) PrInDTAllparts.Rd:17: Lost braces
17 | {see function \code{\link{PrInDT}} for details.}\cr
| ^
checkRd: (-1) PrInDTMulab.Rd:17: Lost braces
17 | {see function \code{\link{PrInDT}} for details.}\cr
| ^
checkRd: (-1) PrInDTMulabAll.Rd:17: Lost braces
17 | {see function \code{\link{PrInDT}} for details.}\cr
| ^
checkRd: (-1) PrInDTMulev.Rd:16: Lost braces
16 | {see function \code{\link{PrInDT}} for details.}\cr
| ^
checkRd: (-1) PrInDTMulevAll.Rd:16: Lost braces
16 | {see function \code{\link{PrInDT}} for details.}\cr
| ^
checkRd: (-1) PrInDTreg.Rd:16: Lost braces
16 | {see function \code{\link{PrInDT}} for details.}\cr
| ^
checkRd: (-1) PrInDTregAll.Rd:16: Lost braces
16 | {see function \code{\link{PrInDT}} for details.}\cr
| ^
checkRd: (-1) RePrInDT.Rd:17: Lost braces
17 | {see function \code{\link{PrInDT}} for details.}\cr
| ^
Flavors: r-devel-linux-x86_64-debian-clang, r-devel-linux-x86_64-debian-gcc, r-devel-linux-x86_64-fedora-clang, r-devel-linux-x86_64-fedora-gcc, r-devel-windows-x86_64, r-patched-linux-x86_64, r-release-linux-x86_64, r-release-macos-arm64, r-release-macos-x86_64, r-release-windows-x86_64
Version: 1.0.1
Check: dependencies in R code
Result: NOTE
Namespace in Imports field not imported from: ‘stringr’
All declared Imports should be used.
Flavors: r-devel-linux-x86_64-fedora-clang, r-devel-linux-x86_64-fedora-gcc