Last updated on 2024-05-23 01:58:00 CEST.
Flavor | Version | Tinstall | Tcheck | Ttotal | Status | Flags |
---|---|---|---|---|---|---|
r-devel-linux-x86_64-debian-clang | 1.21 | 3.42 | 60.49 | 63.91 | NOTE | |
r-devel-linux-x86_64-debian-gcc | 1.21 | 3.64 | 43.33 | 46.97 | NOTE | |
r-devel-linux-x86_64-fedora-clang | 1.21 | 79.97 | NOTE | |||
r-devel-linux-x86_64-fedora-gcc | 1.21 | 87.26 | NOTE | |||
r-devel-windows-x86_64 | 1.21 | 5.00 | 75.00 | 80.00 | NOTE | |
r-patched-linux-x86_64 | 1.21 | 4.05 | 56.77 | 60.82 | NOTE | |
r-release-linux-x86_64 | 1.21 | 3.69 | 56.51 | 60.20 | NOTE | |
r-release-macos-arm64 | 1.21 | 31.00 | NOTE | |||
r-release-windows-x86_64 | 1.21 | 5.00 | 75.00 | 80.00 | NOTE | |
r-oldrel-macos-arm64 | 1.21 | 34.00 | OK | |||
r-oldrel-macos-x86_64 | 1.21 | 55.00 | OK | |||
r-oldrel-windows-x86_64 | 1.21 | 5.00 | 76.00 | 81.00 | OK |
Version: 1.21
Check: Rd files
Result: NOTE
checkRd: (-1) MangroveTree.Rd:37: Lost braces
37 | An object of class \\code{\link[Mangrove]{MangrovePed}}
| ^
Flavors: r-devel-linux-x86_64-debian-clang, r-devel-linux-x86_64-debian-gcc, r-devel-linux-x86_64-fedora-clang, r-devel-linux-x86_64-fedora-gcc, r-devel-windows-x86_64, r-patched-linux-x86_64, r-release-linux-x86_64, r-release-macos-arm64, r-release-windows-x86_64