Last updated on 2024-05-21 02:02:02 CEST.
Flavor | Version | Tinstall | Tcheck | Ttotal | Status | Flags |
---|---|---|---|---|---|---|
r-devel-linux-x86_64-debian-clang | 1.3.7 | 31.06 | 448.71 | 479.77 | OK | |
r-devel-linux-x86_64-debian-gcc | 1.3.7 | 25.99 | 313.17 | 339.16 | OK | |
r-devel-linux-x86_64-fedora-clang | 1.3.7 | 588.23 | NOTE | |||
r-devel-linux-x86_64-fedora-gcc | 1.3.7 | 567.67 | OK | |||
r-devel-windows-x86_64 | 1.3.7 | 26.00 | 299.00 | 325.00 | NOTE | |
r-patched-linux-x86_64 | 1.3.7 | 31.92 | 415.75 | 447.67 | OK | |
r-release-linux-x86_64 | 1.3.7 | 29.28 | 427.45 | 456.73 | OK | |
r-release-macos-arm64 | 1.3.7 | 155.00 | NOTE | |||
r-release-macos-x86_64 | 1.3.7 | 391.00 | NOTE | |||
r-release-windows-x86_64 | 1.3.7 | 28.00 | 293.00 | 321.00 | NOTE | |
r-oldrel-macos-arm64 | 1.3.7 | 143.00 | NOTE | |||
r-oldrel-macos-x86_64 | 1.3.7 | 433.00 | NOTE | |||
r-oldrel-windows-x86_64 | 1.3.7 | 36.00 | 377.00 | 413.00 | NOTE |
Version: 1.3.7
Check: installed package size
Result: NOTE
installed size is 6.0Mb
sub-directories of 1Mb or more:
R 1.0Mb
doc 3.0Mb
help 1.1Mb
Flavors: r-devel-linux-x86_64-fedora-clang, r-devel-windows-x86_64, r-release-macos-arm64, r-release-macos-x86_64, r-release-windows-x86_64, r-oldrel-macos-arm64, r-oldrel-macos-x86_64, r-oldrel-windows-x86_64