Last updated on 2024-05-11 01:50:35 CEST.
Flavor | Version | Tinstall | Tcheck | Ttotal | Status | Flags |
---|---|---|---|---|---|---|
r-devel-linux-x86_64-debian-clang | 0.4.4 | 111.38 | 445.98 | 557.36 | NOTE | |
r-devel-linux-x86_64-debian-gcc | 0.4.4 | 78.81 | 347.47 | 426.28 | NOTE | |
r-devel-linux-x86_64-fedora-clang | 0.4.4 | 694.38 | NOTE | |||
r-devel-linux-x86_64-fedora-gcc | 0.4.4 | 688.06 | NOTE | |||
r-devel-windows-x86_64 | 0.4.4 | 82.00 | 367.00 | 449.00 | NOTE | |
r-patched-linux-x86_64 | 0.4.4 | 92.43 | 453.80 | 546.23 | NOTE | |
r-release-linux-x86_64 | 0.4.4 | 85.95 | 450.89 | 536.84 | NOTE | |
r-release-macos-arm64 | 0.4.4 | 176.00 | NOTE | |||
r-release-windows-x86_64 | 0.4.4 | 80.00 | 364.00 | 444.00 | NOTE | |
r-oldrel-macos-arm64 | 0.4.4 | 186.00 | NOTE | |||
r-oldrel-macos-x86_64 | 0.4.4 | 332.00 | NOTE | |||
r-oldrel-windows-x86_64 | 0.4.4 | 98.00 | 450.00 | 548.00 | NOTE |
Version: 0.4.4
Check: C++ specification
Result: NOTE
Specified C++11: please drop specification unless essential
Flavors: r-devel-linux-x86_64-debian-clang, r-devel-linux-x86_64-debian-gcc, r-devel-linux-x86_64-fedora-clang, r-devel-linux-x86_64-fedora-gcc, r-devel-windows-x86_64, r-patched-linux-x86_64, r-release-linux-x86_64, r-release-macos-arm64, r-release-windows-x86_64, r-oldrel-macos-arm64, r-oldrel-macos-x86_64, r-oldrel-windows-x86_64
Version: 0.4.4
Check: dependencies in R code
Result: NOTE
Namespace in Imports field not imported from: ‘progress’
All declared Imports should be used.
Flavors: r-devel-linux-x86_64-fedora-clang, r-devel-linux-x86_64-fedora-gcc