Last updated on 2024-07-07 01:52:27 CEST.
Flavor | Version | Tinstall | Tcheck | Ttotal | Status | Flags |
---|---|---|---|---|---|---|
r-devel-linux-x86_64-debian-clang | 4.1.3 | 4.52 | 45.44 | 49.96 | NOTE | |
r-devel-linux-x86_64-debian-gcc | 4.1.3 | 3.35 | 33.28 | 36.63 | NOTE | |
r-devel-linux-x86_64-fedora-clang | 4.1.3 | 64.49 | NOTE | |||
r-devel-linux-x86_64-fedora-gcc | 4.1.3 | 59.58 | NOTE | |||
r-devel-windows-x86_64 | 4.1.3 | 5.00 | 55.00 | 60.00 | NOTE | |
r-patched-linux-x86_64 | 4.1.3 | 5.12 | 43.95 | 49.07 | NOTE | |
r-release-linux-x86_64 | 4.1.3 | 3.78 | 43.11 | 46.89 | NOTE | |
r-release-macos-arm64 | 4.1.3 | 21.00 | NOTE | |||
r-release-macos-x86_64 | 4.1.3 | 34.00 | NOTE | |||
r-release-windows-x86_64 | 4.1.3 | 7.00 | 50.00 | 57.00 | NOTE | |
r-oldrel-macos-arm64 | 4.1.3 | 22.00 | OK | |||
r-oldrel-macos-x86_64 | 4.1.3 | 33.00 | OK | |||
r-oldrel-windows-x86_64 | 4.1.3 | 7.00 | 57.00 | 64.00 | OK |
Version: 4.1.3
Check: Rd files
Result: NOTE
checkRd: (-1) Deriv.Rd:33: Lost braces
33 | guessed either from\ code{names(formals(f))} (if \code{f} is a function)
| ^
Flavors: r-devel-linux-x86_64-debian-clang, r-devel-linux-x86_64-debian-gcc, r-devel-linux-x86_64-fedora-clang, r-devel-linux-x86_64-fedora-gcc, r-devel-windows-x86_64, r-patched-linux-x86_64, r-release-linux-x86_64, r-release-macos-arm64, r-release-macos-x86_64, r-release-windows-x86_64