Last updated on 2024-05-11 01:50:33 CEST.
Flavor | Version | Tinstall | Tcheck | Ttotal | Status | Flags |
---|---|---|---|---|---|---|
r-devel-linux-x86_64-debian-clang | 0.1.5 | 14.33 | 342.69 | 357.02 | NOTE | |
r-devel-linux-x86_64-debian-gcc | 0.1.5 | 9.94 | 304.05 | 313.99 | NOTE | |
r-devel-linux-x86_64-fedora-clang | 0.1.5 | 441.03 | NOTE | |||
r-devel-linux-x86_64-fedora-gcc | 0.1.5 | 526.65 | NOTE | |||
r-devel-windows-x86_64 | 0.1.5 | 11.00 | 343.00 | 354.00 | NOTE | |
r-patched-linux-x86_64 | 0.1.5 | 12.80 | 358.06 | 370.86 | NOTE | |
r-release-linux-x86_64 | 0.1.5 | 10.01 | 360.85 | 370.86 | NOTE | |
r-release-macos-arm64 | 0.1.5 | 171.00 | NOTE | |||
r-release-windows-x86_64 | 0.1.5 | 11.00 | 365.00 | 376.00 | NOTE | |
r-oldrel-macos-arm64 | 0.1.5 | 189.00 | NOTE | |||
r-oldrel-macos-x86_64 | 0.1.5 | 427.00 | NOTE | |||
r-oldrel-windows-x86_64 | 0.1.5 | 13.00 | 349.00 | 362.00 | NOTE |
Version: 0.1.5
Check: Rd files
Result: NOTE
checkRd: (-1) KCI.Rd:44: Lost braces
44 | \item \code{testStatistic} the statistic Tr(K_{(ddot{(Y)}|X)} * K_{(E|X)})
| ^
checkRd: (-1) KCI.Rd:44: Lost braces
44 | \item \code{testStatistic} the statistic Tr(K_{(ddot{(Y)}|X)} * K_{(E|X)})
| ^
checkRd: (-1) KCI.Rd:44: Lost braces; missing escapes or markup?
44 | \item \code{testStatistic} the statistic Tr(K_{(ddot{(Y)}|X)} * K_{(E|X)})
| ^
Flavors: r-devel-linux-x86_64-debian-clang, r-devel-linux-x86_64-debian-gcc, r-devel-linux-x86_64-fedora-clang, r-devel-linux-x86_64-fedora-gcc, r-devel-windows-x86_64, r-patched-linux-x86_64, r-release-linux-x86_64, r-release-macos-arm64, r-release-windows-x86_64
Version: 0.1.5
Check: LazyData
Result: NOTE
'LazyData' is specified without a 'data' directory
Flavors: r-devel-linux-x86_64-debian-clang, r-devel-linux-x86_64-debian-gcc, r-devel-linux-x86_64-fedora-clang, r-devel-linux-x86_64-fedora-gcc, r-devel-windows-x86_64, r-patched-linux-x86_64, r-release-linux-x86_64, r-release-macos-arm64, r-release-windows-x86_64, r-oldrel-macos-arm64, r-oldrel-macos-x86_64, r-oldrel-windows-x86_64