Last updated on 2024-05-11 01:50:34 CEST.
Flavor | Version | Tinstall | Tcheck | Ttotal | Status | Flags |
---|---|---|---|---|---|---|
r-devel-linux-x86_64-debian-clang | 1.2.0 | 11.71 | 130.04 | 141.75 | NOTE | |
r-devel-linux-x86_64-debian-gcc | 1.2.0 | 9.75 | 94.22 | 103.97 | NOTE | |
r-devel-linux-x86_64-fedora-clang | 1.2.0 | 245.90 | OK | |||
r-devel-linux-x86_64-fedora-gcc | 1.2.0 | 247.88 | OK | |||
r-devel-windows-x86_64 | 1.2.0 | 11.00 | 166.00 | 177.00 | OK | |
r-patched-linux-x86_64 | 1.2.0 | 7.80 | 125.94 | 133.74 | NOTE | |
r-release-linux-x86_64 | 1.2.0 | 7.01 | 124.64 | 131.65 | NOTE | |
r-release-macos-arm64 | 1.2.0 | 72.00 | NOTE | |||
r-release-macos-x86_64 | 1.2.0 | 169.00 | NOTE | |||
r-release-windows-x86_64 | 1.2.0 | 11.00 | 165.00 | 176.00 | OK | |
r-oldrel-macos-arm64 | 1.2.0 | 67.00 | NOTE | |||
r-oldrel-macos-x86_64 | 1.2.0 | 187.00 | NOTE | |||
r-oldrel-windows-x86_64 | 1.2.0 | 13.00 | 143.00 | 156.00 | NOTE |
Version: 1.2.0
Check: package dependencies
Result: NOTE
Package suggested but not available for checking: ‘INLA’
Flavors: r-devel-linux-x86_64-debian-clang, r-devel-linux-x86_64-debian-gcc, r-patched-linux-x86_64, r-release-linux-x86_64, r-release-macos-arm64, r-release-macos-x86_64, r-oldrel-macos-arm64, r-oldrel-macos-x86_64, r-oldrel-windows-x86_64