Last updated on 2024-07-04 02:55:15 CEST.
Flavor | Version | Tinstall | Tcheck | Ttotal | Status | Flags |
---|---|---|---|---|---|---|
r-devel-linux-x86_64-debian-clang | 2.2.5 | 15.86 | 53.76 | 69.62 | OK | |
r-devel-linux-x86_64-debian-gcc | 2.2.5 | 15.86 | 38.96 | 54.82 | OK | |
r-devel-linux-x86_64-fedora-clang | 2.2.5 | 83.72 | NOTE | |||
r-devel-linux-x86_64-fedora-gcc | 2.2.5 | 97.87 | NOTE | |||
r-devel-windows-x86_64 | 2.2.5 | 23.00 | 77.00 | 100.00 | OK | |
r-patched-linux-x86_64 | 2.2.5 | 18.79 | 50.09 | 68.88 | OK | |
r-release-linux-x86_64 | 2.2.5 | 18.50 | 51.17 | 69.67 | OK | |
r-release-macos-arm64 | 2.2.5 | 27.00 | OK | |||
r-release-macos-x86_64 | 2.2.5 | 38.00 | OK | |||
r-release-windows-x86_64 | 2.2.5 | 19.00 | 78.00 | 97.00 | OK | |
r-oldrel-macos-arm64 | 2.2.5 | 28.00 | OK | |||
r-oldrel-macos-x86_64 | 2.2.5 | 44.00 | OK | |||
r-oldrel-windows-x86_64 | 2.2.5 | 21.00 | 84.00 | 105.00 | OK |
Version: 2.2.5
Check: data for non-ASCII characters
Result: NOTE
Note: found 385 marked UTF-8 strings
Flavors: r-devel-linux-x86_64-fedora-clang, r-devel-linux-x86_64-fedora-gcc