Last updated on 2024-05-09 01:55:49 CEST.
Flavor | Version | Tinstall | Tcheck | Ttotal | Status | Flags |
---|---|---|---|---|---|---|
r-devel-linux-x86_64-debian-clang | 0.3-1.5 | 23.23 | 31.25 | 54.48 | OK | |
r-devel-linux-x86_64-debian-gcc | 0.3-1.5 | 16.02 | 23.80 | 39.82 | OK | |
r-devel-linux-x86_64-fedora-clang | 0.3-1.5 | 88.08 | NOTE | |||
r-devel-linux-x86_64-fedora-gcc | 0.3-1.5 | 73.14 | NOTE | |||
r-devel-windows-x86_64 | 0.3-1.5 | 21.00 | 62.00 | 83.00 | OK | |
r-patched-linux-x86_64 | 0.3-1.5 | 21.38 | 30.09 | 51.47 | OK | |
r-release-linux-x86_64 | 0.3-1.5 | 20.16 | 29.48 | 49.64 | OK | |
r-release-macos-arm64 | 0.3-1.5 | 23.00 | OK | |||
r-release-macos-x86_64 | 0.3-1.5 | 79.00 | OK | |||
r-release-windows-x86_64 | 0.3-1.5 | 23.00 | 65.00 | 88.00 | OK | |
r-oldrel-macos-arm64 | 0.3-1.5 | 30.00 | OK | |||
r-oldrel-macos-x86_64 | 0.3-1.5 | 77.00 | OK | |||
r-oldrel-windows-x86_64 | 0.3-1.5 | 20.00 | 70.00 | 90.00 | OK |
Version: 0.3-1.5
Check: compiled code
Result: NOTE
File ‘BayesTree/libs/BayesTree.so’:
Found no calls to: ‘R_registerRoutines’, ‘R_useDynamicSymbols’
It is good practice to register native routines and to disable symbol
search.
See ‘Writing portable packages’ in the ‘Writing R Extensions’ manual.
Flavors: r-devel-linux-x86_64-fedora-clang, r-devel-linux-x86_64-fedora-gcc