Last updated on 2024-05-13 01:52:07 CEST.
Flavor | Version | Tinstall | Tcheck | Ttotal | Status | Flags |
---|---|---|---|---|---|---|
r-devel-linux-x86_64-debian-clang | 0.0.1 | 5.28 | 55.55 | 60.83 | NOTE | |
r-devel-linux-x86_64-debian-gcc | 0.0.1 | 4.36 | 40.80 | 45.16 | NOTE | |
r-devel-linux-x86_64-fedora-clang | 0.0.1 | 76.97 | NOTE | |||
r-devel-linux-x86_64-fedora-gcc | 0.0.1 | 76.08 | NOTE | |||
r-devel-windows-x86_64 | 0.0.1 | 6.00 | 58.00 | 64.00 | NOTE | |
r-patched-linux-x86_64 | 0.0.1 | 4.55 | 52.75 | 57.30 | NOTE | |
r-release-linux-x86_64 | 0.0.1 | 5.39 | 52.21 | 57.60 | NOTE | |
r-release-macos-arm64 | 0.0.1 | 25.00 | NOTE | |||
r-release-windows-x86_64 | 0.0.1 | 8.00 | 60.00 | 68.00 | NOTE | |
r-oldrel-macos-arm64 | 0.0.1 | 25.00 | NOTE | |||
r-oldrel-macos-x86_64 | 0.0.1 | 39.00 | NOTE | |||
r-oldrel-windows-x86_64 | 0.0.1 | 8.00 | 63.00 | 71.00 | NOTE |
Version: 0.0.1
Check: LazyData
Result: NOTE
'LazyData' is specified without a 'data' directory
Flavors: r-devel-linux-x86_64-debian-clang, r-devel-linux-x86_64-debian-gcc, r-devel-linux-x86_64-fedora-clang, r-devel-linux-x86_64-fedora-gcc, r-devel-windows-x86_64, r-patched-linux-x86_64, r-release-linux-x86_64, r-release-macos-arm64, r-release-windows-x86_64, r-oldrel-macos-arm64, r-oldrel-macos-x86_64, r-oldrel-windows-x86_64
Version: 0.0.1
Check: Rd cross-references
Result: NOTE
Undeclared package ‘tibble’ in Rd xrefs
Flavor: r-devel-linux-x86_64-fedora-clang