Last updated on 2024-05-11 01:50:32 CEST.
Flavor | Version | Tinstall | Tcheck | Ttotal | Status | Flags |
---|---|---|---|---|---|---|
r-devel-linux-x86_64-debian-clang | 2023.3.8 | 15.36 | 192.25 | 207.61 | NOTE | |
r-devel-linux-x86_64-debian-gcc | 2023.3.8 | 11.02 | 134.22 | 145.24 | NOTE | |
r-devel-linux-x86_64-fedora-clang | 2023.3.8 | 260.86 | NOTE | |||
r-devel-linux-x86_64-fedora-gcc | 2023.3.8 | 248.03 | NOTE | |||
r-devel-windows-x86_64 | 2023.3.8 | 16.00 | 205.00 | 221.00 | NOTE | |
r-patched-linux-x86_64 | 2023.3.8 | 15.37 | 178.63 | 194.00 | NOTE | |
r-release-linux-x86_64 | 2023.3.8 | 12.33 | 180.19 | 192.52 | NOTE | |
r-release-macos-arm64 | 2023.3.8 | 72.00 | NOTE | |||
r-release-windows-x86_64 | 2023.3.8 | 13.00 | 203.00 | 216.00 | NOTE | |
r-oldrel-macos-arm64 | 2023.3.8 | 68.00 | OK | |||
r-oldrel-macos-x86_64 | 2023.3.8 | 123.00 | OK | |||
r-oldrel-windows-x86_64 | 2023.3.8 | 17.00 | 242.00 | 259.00 | OK |
Version: 2023.3.8
Check: Rd files
Result: NOTE
checkRd: (-1) MvInv.Rd:23-35: Lost braces
23 | function(eps, u = 0.5, alpha = 1, kappa = 1, gama = 1 / 2, N = 3001) {
| ^
checkRd: (-1) dt_.Rd:19-21: Lost braces
19 | function(x, df, mean, sd) {
| ^
Flavors: r-devel-linux-x86_64-debian-clang, r-devel-linux-x86_64-debian-gcc, r-devel-linux-x86_64-fedora-clang, r-devel-linux-x86_64-fedora-gcc, r-devel-windows-x86_64, r-patched-linux-x86_64, r-release-linux-x86_64, r-release-macos-arm64, r-release-windows-x86_64