Last updated on 2024-05-19 01:58:13 CEST.
Flavor | Version | Tinstall | Tcheck | Ttotal | Status | Flags |
---|---|---|---|---|---|---|
r-devel-linux-x86_64-debian-clang | 2.0 | 7.86 | 88.96 | 96.82 | NOTE | |
r-devel-linux-x86_64-debian-gcc | 2.0 | 4.03 | 68.12 | 72.15 | NOTE | |
r-devel-linux-x86_64-fedora-clang | 2.0 | 118.20 | NOTE | |||
r-devel-linux-x86_64-fedora-gcc | 2.0 | 133.63 | NOTE | |||
r-devel-windows-x86_64 | 2.0 | 9.00 | 100.00 | 109.00 | NOTE | |
r-patched-linux-x86_64 | 2.0 | 7.97 | 85.10 | 93.07 | NOTE | |
r-release-linux-x86_64 | 2.0 | 6.72 | 84.74 | 91.46 | NOTE | |
r-release-macos-arm64 | 2.0 | 54.00 | NOTE | |||
r-release-windows-x86_64 | 2.0 | 9.00 | 101.00 | 110.00 | NOTE | |
r-oldrel-macos-arm64 | 2.0 | 57.00 | NOTE | |||
r-oldrel-macos-x86_64 | 2.0 | 75.00 | NOTE | |||
r-oldrel-windows-x86_64 | 2.0 | 9.00 | 114.00 | 123.00 | NOTE |
Version: 2.0
Check: Rd files
Result: NOTE
checkRd: (-1) AncestryMapper2.0-package.Rd:33: Escaped LaTeX specials: \~
checkRd: (-1) AncestryMapper2.0-package.Rd:38: Escaped LaTeX specials: \~
Flavors: r-devel-linux-x86_64-debian-clang, r-devel-linux-x86_64-debian-gcc, r-devel-linux-x86_64-fedora-clang, r-devel-linux-x86_64-fedora-gcc, r-devel-windows-x86_64, r-patched-linux-x86_64, r-release-linux-x86_64, r-release-macos-arm64, r-release-windows-x86_64, r-oldrel-macos-arm64, r-oldrel-macos-x86_64, r-oldrel-windows-x86_64