Last updated on 2024-05-21 02:02:14 CEST.
Flavor | Version | Tinstall | Tcheck | Ttotal | Status | Flags |
---|---|---|---|---|---|---|
r-devel-linux-x86_64-debian-clang | 0.3.7 | 13.24 | 115.51 | 128.75 | NOTE | |
r-devel-linux-x86_64-debian-gcc | 0.3.7 | 10.49 | 85.64 | 96.13 | NOTE | |
r-devel-linux-x86_64-fedora-clang | 0.3.7 | 169.08 | NOTE | |||
r-devel-linux-x86_64-fedora-gcc | 0.3.7 | 150.54 | NOTE | |||
r-devel-windows-x86_64 | 0.3.7 | 12.00 | 97.00 | 109.00 | NOTE | |
r-patched-linux-x86_64 | 0.3.7 | 11.01 | 112.61 | 123.62 | NOTE | |
r-release-linux-x86_64 | 0.3.7 | 11.02 | 111.75 | 122.77 | NOTE | |
r-release-macos-arm64 | 0.3.7 | 47.00 | NOTE | |||
r-release-windows-x86_64 | 0.3.7 | 12.00 | 95.00 | 107.00 | NOTE | |
r-oldrel-macos-arm64 | 0.3.7 | 51.00 | NOTE | |||
r-oldrel-macos-x86_64 | 0.3.7 | 108.00 | NOTE | |||
r-oldrel-windows-x86_64 | 0.3.7 | 14.00 | 115.00 | 129.00 | NOTE |
Version: 0.3.7
Check: package dependencies
Result: NOTE
Package suggested but not available for checking: ‘bootmlm’
Flavors: r-devel-linux-x86_64-debian-clang, r-devel-linux-x86_64-debian-gcc, r-devel-linux-x86_64-fedora-clang, r-devel-linux-x86_64-fedora-gcc, r-devel-windows-x86_64, r-patched-linux-x86_64, r-release-linux-x86_64, r-release-macos-arm64, r-release-windows-x86_64, r-oldrel-macos-arm64, r-oldrel-macos-x86_64, r-oldrel-windows-x86_64