Last updated on 2024-05-21 02:02:14 CEST.
Flavor | Version | Tinstall | Tcheck | Ttotal | Status | Flags |
---|---|---|---|---|---|---|
r-devel-linux-x86_64-debian-clang | 0.1.0 | 2.62 | 26.10 | 28.72 | OK | |
r-devel-linux-x86_64-debian-gcc | 0.1.0 | 2.61 | 20.73 | 23.34 | OK | |
r-devel-linux-x86_64-fedora-clang | 0.1.0 | 38.83 | NOTE | |||
r-devel-linux-x86_64-fedora-gcc | 0.1.0 | 35.48 | NOTE | |||
r-devel-windows-x86_64 | 0.1.0 | 4.00 | 43.00 | 47.00 | OK | |
r-patched-linux-x86_64 | 0.1.0 | 3.38 | 25.44 | 28.82 | OK | |
r-release-linux-x86_64 | 0.1.0 | 2.41 | 25.82 | 28.23 | OK | |
r-release-macos-arm64 | 0.1.0 | 18.00 | OK | |||
r-release-windows-x86_64 | 0.1.0 | 5.00 | 44.00 | 49.00 | OK | |
r-oldrel-macos-arm64 | 0.1.0 | 18.00 | OK | |||
r-oldrel-macos-x86_64 | 0.1.0 | 25.00 | OK | |||
r-oldrel-windows-x86_64 | 0.1.0 | 5.00 | 45.00 | 50.00 | OK |
Version: 0.1.0
Check: data for non-ASCII characters
Result: NOTE
Note: found 12928 marked UTF-8 strings
Flavors: r-devel-linux-x86_64-fedora-clang, r-devel-linux-x86_64-fedora-gcc