Last updated on 2024-05-21 02:02:11 CEST.
Flavor | Version | Tinstall | Tcheck | Ttotal | Status | Flags |
---|---|---|---|---|---|---|
r-devel-linux-x86_64-debian-clang | 0.2.7 | 9.68 | 94.23 | 103.91 | NOTE | |
r-devel-linux-x86_64-debian-gcc | 0.2.7 | 8.19 | 68.03 | 76.22 | NOTE | |
r-devel-linux-x86_64-fedora-clang | 0.2.7 | 126.37 | NOTE | |||
r-devel-linux-x86_64-fedora-gcc | 0.2.7 | 120.06 | NOTE | |||
r-devel-windows-x86_64 | 0.2.7 | 9.00 | 80.00 | 89.00 | NOTE | |
r-patched-linux-x86_64 | 0.2.7 | 9.94 | 88.93 | 98.87 | NOTE | |
r-release-linux-x86_64 | 0.2.7 | 7.46 | 89.77 | 97.23 | NOTE | |
r-release-macos-arm64 | 0.2.7 | 38.00 | NOTE | |||
r-release-windows-x86_64 | 0.2.7 | 9.00 | 80.00 | 89.00 | NOTE | |
r-oldrel-macos-arm64 | 0.2.7 | 38.00 | OK | |||
r-oldrel-macos-x86_64 | 0.2.7 | 65.00 | OK | |||
r-oldrel-windows-x86_64 | 0.2.7 | 11.00 | 92.00 | 103.00 | OK |
Version: 0.2.7
Check: Rd files
Result: NOTE
checkRd: (-1) hillEquation.Rd:29: Lost braces in \itemize; \value handles \item{}{} directly
checkRd: (-1) hillEquation.Rd:30: Lost braces in \itemize; \value handles \item{}{} directly
checkRd: (-1) hillEquation.Rd:30-31: Lost braces in \itemize; \value handles \item{}{} directly
checkRd: (-1) hillEquation.Rd:31: Lost braces in \itemize; \value handles \item{}{} directly
checkRd: (-1) hillEquation.Rd:32: Lost braces in \itemize; \value handles \item{}{} directly
checkRd: (-1) hillEquation.Rd:33: Lost braces in \itemize; \value handles \item{}{} directly
checkRd: (-1) hillEquation.Rd:34: Lost braces in \itemize; \value handles \item{}{} directly
checkRd: (-1) hillEquation.Rd:35: Lost braces in \itemize; \value handles \item{}{} directly
checkRd: (-1) qiba.Rd:81-83: Lost braces in \itemize; \value handles \item{}{} directly
checkRd: (-1) qiba.Rd:84-85: Lost braces in \itemize; \value handles \item{}{} directly
checkRd: (-1) qiba.Rd:86-87: Lost braces in \itemize; \value handles \item{}{} directly
checkRd: (-1) qiba.Rd:88-90: Lost braces in \itemize; \value handles \item{}{} directly
checkRd: (-1) qiba.Rd:91-93: Lost braces in \itemize; \value handles \item{}{} directly
Flavors: r-devel-linux-x86_64-debian-clang, r-devel-linux-x86_64-debian-gcc, r-devel-linux-x86_64-fedora-clang, r-devel-linux-x86_64-fedora-gcc, r-devel-windows-x86_64, r-patched-linux-x86_64, r-release-linux-x86_64, r-release-macos-arm64, r-release-windows-x86_64