Last updated on 2024-05-21 02:02:11 CEST.
Flavor | Version | Tinstall | Tcheck | Ttotal | Status | Flags |
---|---|---|---|---|---|---|
r-devel-linux-x86_64-debian-clang | 0.5.0 | 18.93 | 121.79 | 140.72 | OK | |
r-devel-linux-x86_64-debian-gcc | 0.5.0 | 11.70 | 89.71 | 101.41 | OK | |
r-devel-linux-x86_64-fedora-clang | 0.5.0 | 170.45 | NOTE | |||
r-devel-linux-x86_64-fedora-gcc | 0.5.0 | 158.69 | NOTE | |||
r-devel-windows-x86_64 | 0.5.0 | 14.00 | 99.00 | 113.00 | OK | |
r-patched-linux-x86_64 | 0.5.0 | 11.87 | 114.02 | 125.89 | OK | |
r-release-linux-x86_64 | 0.5.0 | 10.39 | 113.58 | 123.97 | OK | |
r-release-macos-arm64 | 0.5.0 | 48.00 | OK | |||
r-release-windows-x86_64 | 0.5.0 | 15.00 | 99.00 | 114.00 | OK | |
r-oldrel-macos-arm64 | 0.5.0 | 52.00 | OK | |||
r-oldrel-macos-x86_64 | 0.5.0 | 86.00 | OK | |||
r-oldrel-windows-x86_64 | 0.5.0 | 19.00 | 117.00 | 136.00 | OK |
Version: 0.5.0
Check: dependencies in R code
Result: NOTE
Namespaces in Imports field not imported from:
‘RColorBrewer’ ‘graphics’
All declared Imports should be used.
Flavors: r-devel-linux-x86_64-fedora-clang, r-devel-linux-x86_64-fedora-gcc