Last updated on 2024-05-21 02:02:09 CEST.
Flavor | Version | Tinstall | Tcheck | Ttotal | Status | Flags |
---|---|---|---|---|---|---|
r-devel-linux-x86_64-debian-clang | 1.0.1 | 5.45 | 57.06 | 62.51 | NOTE | |
r-devel-linux-x86_64-debian-gcc | 1.0.2 | 4.38 | 44.25 | 48.63 | NOTE | |
r-devel-linux-x86_64-fedora-clang | 1.0.2 | 87.45 | NOTE | |||
r-devel-linux-x86_64-fedora-gcc | 1.0.2 | 97.22 | NOTE | |||
r-devel-windows-x86_64 | 1.0.2 | 8.00 | 83.00 | 91.00 | NOTE | |
r-patched-linux-x86_64 | 1.0.1 | 6.76 | 55.15 | 61.91 | NOTE | |
r-release-linux-x86_64 | 1.0.2 | 6.09 | 55.78 | 61.87 | NOTE | |
r-release-macos-arm64 | 1.0.2 | 52.00 | NOTE | |||
r-release-macos-x86_64 | 1.0.2 | 120.00 | NOTE | |||
r-release-windows-x86_64 | 1.0.2 | 8.00 | 77.00 | 85.00 | NOTE | |
r-oldrel-macos-arm64 | 1.0.2 | 41.00 | NOTE | |||
r-oldrel-macos-x86_64 | 1.0.2 | 95.00 | NOTE | |||
r-oldrel-windows-x86_64 | 1.0.2 | 7.00 | 79.00 | 86.00 | NOTE |
Version: 1.0.1
Check: package dependencies
Result: NOTE
Package suggested but not available for checking: ‘midfielddata’
Flavors: r-devel-linux-x86_64-debian-clang, r-patched-linux-x86_64
Version: 1.0.2
Check: package dependencies
Result: NOTE
Package suggested but not available for checking: ‘midfielddata’
Flavors: r-devel-linux-x86_64-debian-gcc, r-devel-linux-x86_64-fedora-clang, r-devel-linux-x86_64-fedora-gcc, r-devel-windows-x86_64, r-release-linux-x86_64, r-release-macos-arm64, r-release-macos-x86_64, r-release-windows-x86_64, r-oldrel-macos-arm64, r-oldrel-macos-x86_64, r-oldrel-windows-x86_64