Last updated on 2024-05-21 02:02:09 CEST.
Flavor | Version | Tinstall | Tcheck | Ttotal | Status | Flags |
---|---|---|---|---|---|---|
r-devel-linux-x86_64-debian-clang | 2.0.44 | 9.28 | 122.66 | 131.94 | OK | |
r-devel-linux-x86_64-debian-gcc | 2.0.44 | 7.74 | 93.24 | 100.98 | OK | |
r-devel-linux-x86_64-fedora-clang | 2.0.44 | 175.91 | OK | |||
r-devel-linux-x86_64-fedora-gcc | 2.0.44 | 192.82 | OK | |||
r-devel-windows-x86_64 | 2.0.44 | 8.00 | 144.00 | 152.00 | OK | |
r-patched-linux-x86_64 | 2.0.44 | 7.59 | 120.97 | 128.56 | OK | |
r-release-linux-x86_64 | 2.0.44 | 8.99 | 117.49 | 126.48 | OK | |
r-release-macos-arm64 | 2.0.44 | 50.00 | OK | |||
r-release-windows-x86_64 | 2.0.44 | 9.00 | 115.00 | 124.00 | OK | |
r-oldrel-macos-arm64 | 2.0.44 | 49.00 | OK | |||
r-oldrel-macos-x86_64 | 2.0.44 | 139.00 | NOTE | |||
r-oldrel-windows-x86_64 | 2.0.44 | 11.00 | 120.00 | 131.00 | OK |
Version: 2.0.44
Check: installed package size
Result: NOTE
installed size is 5.5Mb
sub-directories of 1Mb or more:
data 2.9Mb
doc 1.7Mb
Flavor: r-oldrel-macos-x86_64