Last updated on 2024-05-21 02:02:04 CEST.
Flavor | Version | Tinstall | Tcheck | Ttotal | Status | Flags |
---|---|---|---|---|---|---|
r-devel-linux-x86_64-debian-clang | 0.6.0 | 51.83 | 33.60 | 85.43 | NOTE | |
r-devel-linux-x86_64-debian-gcc | 0.6.0 | 35.64 | 26.13 | 61.77 | NOTE | |
r-devel-linux-x86_64-fedora-clang | 0.6.0 | 120.07 | NOTE | |||
r-devel-linux-x86_64-fedora-gcc | 0.6.0 | 132.95 | NOTE | |||
r-devel-windows-x86_64 | 0.6.0 | 36.00 | 70.00 | 106.00 | NOTE | |
r-patched-linux-x86_64 | 0.6.0 | 47.41 | 33.37 | 80.78 | NOTE | |
r-release-linux-x86_64 | 0.6.0 | 44.96 | 32.77 | 77.73 | NOTE | |
r-release-macos-arm64 | 0.6.0 | 34.00 | NOTE | |||
r-release-windows-x86_64 | 0.6.0 | 36.00 | 68.00 | 104.00 | NOTE | |
r-oldrel-macos-arm64 | 0.6.0 | 39.00 | NOTE | |||
r-oldrel-macos-x86_64 | 0.6.0 | 59.00 | NOTE | |||
r-oldrel-windows-x86_64 | 0.6.0 | 40.00 | 72.00 | 112.00 | NOTE |
Version: 0.6.0
Check: LazyData
Result: NOTE
'LazyData' is specified without a 'data' directory
Flavors: r-devel-linux-x86_64-debian-clang, r-devel-linux-x86_64-debian-gcc, r-devel-linux-x86_64-fedora-clang, r-devel-linux-x86_64-fedora-gcc, r-devel-windows-x86_64, r-patched-linux-x86_64, r-release-linux-x86_64, r-release-macos-arm64, r-release-windows-x86_64, r-oldrel-macos-arm64, r-oldrel-macos-x86_64, r-oldrel-windows-x86_64
Version: 0.6.0
Check: compiled code
Result: NOTE
File ‘humaniformat/libs/humaniformat.so’:
Found no calls to: ‘R_registerRoutines’, ‘R_useDynamicSymbols’
It is good practice to register native routines and to disable symbol
search.
See ‘Writing portable packages’ in the ‘Writing R Extensions’ manual.
Flavors: r-devel-linux-x86_64-fedora-clang, r-devel-linux-x86_64-fedora-gcc