Last updated on 2024-05-21 02:02:02 CEST.
Flavor | Version | Tinstall | Tcheck | Ttotal | Status | Flags |
---|---|---|---|---|---|---|
r-devel-linux-x86_64-debian-clang | 0.0.1 | 1.96 | 19.94 | 21.90 | NOTE | |
r-devel-linux-x86_64-debian-gcc | 0.0.1 | 1.42 | 16.13 | 17.55 | NOTE | |
r-devel-linux-x86_64-fedora-clang | 0.0.1 | 28.72 | NOTE | |||
r-devel-linux-x86_64-fedora-gcc | 0.0.1 | 27.40 | NOTE | |||
r-devel-windows-x86_64 | 0.0.1 | 4.00 | 36.00 | 40.00 | NOTE | |
r-patched-linux-x86_64 | 0.0.1 | 1.72 | 20.04 | 21.76 | NOTE | |
r-release-linux-x86_64 | 0.0.1 | 1.55 | 19.44 | 20.99 | NOTE | |
r-release-macos-arm64 | 0.0.1 | 14.00 | NOTE | |||
r-release-windows-x86_64 | 0.0.1 | 2.00 | 35.00 | 37.00 | NOTE | |
r-oldrel-macos-arm64 | 0.0.1 | 20.00 | NOTE | |||
r-oldrel-macos-x86_64 | 0.0.1 | 19.00 | NOTE | |||
r-oldrel-windows-x86_64 | 0.0.1 | 7.00 | 33.00 | 40.00 | NOTE |
Version: 0.0.1
Check: LazyData
Result: NOTE
'LazyData' is specified without a 'data' directory
Flavors: r-devel-linux-x86_64-debian-clang, r-devel-linux-x86_64-debian-gcc, r-devel-linux-x86_64-fedora-clang, r-devel-linux-x86_64-fedora-gcc, r-devel-windows-x86_64, r-patched-linux-x86_64, r-release-linux-x86_64, r-release-macos-arm64, r-release-windows-x86_64, r-oldrel-macos-arm64, r-oldrel-macos-x86_64, r-oldrel-windows-x86_64