Last updated on 2024-05-21 02:02:01 CEST.
Flavor | Version | Tinstall | Tcheck | Ttotal | Status | Flags |
---|---|---|---|---|---|---|
r-devel-linux-x86_64-debian-clang | 1.7.0 | 201.57 | 470.61 | 672.18 | OK | |
r-devel-linux-x86_64-debian-gcc | 1.7.0 | 141.39 | 327.47 | 468.86 | OK | |
r-devel-linux-x86_64-fedora-clang | 1.7.0 | 931.40 | OK | |||
r-devel-linux-x86_64-fedora-gcc | 1.7.0 | 855.11 | OK | |||
r-devel-windows-x86_64 | 1.7.0 | 137.00 | 327.00 | 464.00 | OK | |
r-patched-linux-x86_64 | 1.7.0 | 151.95 | 440.96 | 592.91 | OK | |
r-release-linux-x86_64 | 1.7.0 | 148.12 | 436.64 | 584.76 | OK | |
r-release-macos-arm64 | 1.7.0 | 328.00 | NOTE | |||
r-release-macos-x86_64 | 1.7.0 | 573.00 | OK | |||
r-release-windows-x86_64 | 1.7.0 | 139.00 | 341.00 | 480.00 | OK | |
r-oldrel-macos-arm64 | 1.7.0 | 171.00 | OK | |||
r-oldrel-macos-x86_64 | 1.7.0 | 396.00 | OK | |||
r-oldrel-windows-x86_64 | 1.7.0 | 178.00 | 381.00 | 559.00 | OK |
Version: 1.7.0
Check: installed package size
Result: NOTE
installed size is 5.0Mb
sub-directories of 1Mb or more:
R 2.1Mb
libs 2.4Mb
Flavor: r-release-macos-arm64