Last updated on 2024-05-21 02:02:01 CEST.
Flavor | Version | Tinstall | Tcheck | Ttotal | Status | Flags |
---|---|---|---|---|---|---|
r-devel-linux-x86_64-debian-clang | 2.0.8 | 6.32 | 106.68 | 113.00 | NOTE | |
r-devel-linux-x86_64-debian-gcc | 2.0.8 | 5.32 | 76.46 | 81.78 | NOTE | |
r-devel-linux-x86_64-fedora-clang | 2.0.8 | 145.56 | NOTE | |||
r-devel-linux-x86_64-fedora-gcc | 2.0.8 | 148.17 | NOTE | |||
r-devel-windows-x86_64 | 2.0.8 | 5.00 | 93.00 | 98.00 | NOTE | |
r-patched-linux-x86_64 | 2.0.8 | 6.71 | 103.60 | 110.31 | NOTE | |
r-release-linux-x86_64 | 2.0.8 | 4.50 | 101.39 | 105.89 | NOTE | |
r-release-macos-arm64 | 2.0.8 | 40.00 | NOTE | |||
r-release-windows-x86_64 | 2.0.8 | 7.00 | 92.00 | 99.00 | NOTE | |
r-oldrel-macos-arm64 | 2.0.8 | 43.00 | NOTE | |||
r-oldrel-macos-x86_64 | 2.0.8 | 71.00 | NOTE | |||
r-oldrel-windows-x86_64 | 2.0.8 | 8.00 | 103.00 | 111.00 | NOTE |
Version: 2.0.8
Check: package subdirectories
Result: NOTE
Problems with news in ‘NEWS.md’:
No news entries found.
Flavors: r-devel-linux-x86_64-debian-clang, r-devel-linux-x86_64-debian-gcc, r-devel-linux-x86_64-fedora-clang, r-devel-linux-x86_64-fedora-gcc, r-devel-windows-x86_64, r-patched-linux-x86_64, r-release-linux-x86_64, r-release-macos-arm64, r-release-windows-x86_64, r-oldrel-macos-arm64, r-oldrel-macos-x86_64, r-oldrel-windows-x86_64