Last updated on 2024-05-21 02:01:59 CEST.
Flavor | Version | Tinstall | Tcheck | Ttotal | Status | Flags |
---|---|---|---|---|---|---|
r-devel-linux-x86_64-debian-clang | 0.6.15 | 161.47 | 132.59 | 294.06 | NOTE | |
r-devel-linux-x86_64-debian-gcc | 0.6.15 | 118.76 | 97.10 | 215.86 | NOTE | |
r-devel-linux-x86_64-fedora-clang | 0.6.15 | 402.75 | NOTE | |||
r-devel-linux-x86_64-fedora-gcc | 0.6.15 | 410.54 | NOTE | |||
r-devel-windows-x86_64 | 0.6.15 | 135.00 | 132.00 | 267.00 | NOTE | |
r-patched-linux-x86_64 | 0.6.15 | 103.22 | 125.64 | 228.86 | NOTE | |
r-release-linux-x86_64 | 0.6.15 | 109.05 | 125.61 | 234.66 | NOTE | |
r-release-macos-arm64 | 0.6.15 | 91.00 | NOTE | |||
r-release-windows-x86_64 | 0.6.15 | 136.00 | 133.00 | 269.00 | NOTE | |
r-oldrel-macos-arm64 | 0.6.15 | 107.00 | NOTE | |||
r-oldrel-macos-x86_64 | 0.6.15 | 177.00 | NOTE | |||
r-oldrel-windows-x86_64 | 0.6.15 | 161.00 | 148.00 | 309.00 | NOTE |
Version: 0.6.15
Check: for GNU extensions in Makefiles
Result: NOTE
GNU make is a SystemRequirements.
Flavors: r-devel-linux-x86_64-debian-clang, r-devel-linux-x86_64-debian-gcc, r-devel-linux-x86_64-fedora-clang, r-devel-linux-x86_64-fedora-gcc, r-devel-windows-x86_64, r-patched-linux-x86_64, r-release-linux-x86_64, r-release-macos-arm64, r-release-windows-x86_64, r-oldrel-macos-arm64, r-oldrel-macos-x86_64, r-oldrel-windows-x86_64