Last updated on 2024-05-21 02:01:57 CEST.
Flavor | Version | Tinstall | Tcheck | Ttotal | Status | Flags |
---|---|---|---|---|---|---|
r-devel-linux-x86_64-debian-clang | 0.2.3 | 7.48 | 162.93 | 170.41 | OK | |
r-devel-linux-x86_64-debian-gcc | 0.2.3 | 5.66 | 121.39 | 127.05 | OK | |
r-devel-linux-x86_64-fedora-clang | 0.2.3 | 218.04 | OK | |||
r-devel-linux-x86_64-fedora-gcc | 0.2.3 | 228.89 | OK | |||
r-devel-windows-x86_64 | 0.2.3 | 9.00 | 131.00 | 140.00 | OK | |
r-patched-linux-x86_64 | 0.2.3 | 8.23 | 154.61 | 162.84 | OK | |
r-release-linux-x86_64 | 0.2.3 | 6.66 | 155.97 | 162.63 | OK | |
r-release-macos-arm64 | 0.2.3 | 5.00 | ERROR | |||
r-release-macos-x86_64 | 0.2.3 | 9.00 | ERROR | |||
r-release-windows-x86_64 | 0.2.3 | 10.00 | 134.00 | 144.00 | OK | |
r-oldrel-macos-arm64 | 0.2.3 | 6.00 | ERROR | |||
r-oldrel-macos-x86_64 | 0.2.3 | 11.00 | ERROR | |||
r-oldrel-windows-x86_64 | 0.2.3 | 11.00 | 164.00 | 175.00 | OK |
Version: 0.2.3
Check: package dependencies
Result: ERROR
Packages required but not available:
'ChIPseeker', 'TxDb.Hsapiens.UCSC.hg38.knownGene',
'TxDb.Hsapiens.UCSC.hg19.knownGene',
'TxDb.Mmusculus.UCSC.mm10.knownGene'
See section ‘The DESCRIPTION file’ in the ‘Writing R Extensions’
manual.
Flavors: r-release-macos-arm64, r-release-macos-x86_64
Version: 0.2.3
Check: package dependencies
Result: ERROR
Packages required but not available:
'ChIPseeker', 'TxDb.Hsapiens.UCSC.hg38.knownGene'
See section ‘The DESCRIPTION file’ in the ‘Writing R Extensions’
manual.
Flavor: r-oldrel-macos-arm64
Version: 0.2.3
Check: package dependencies
Result: ERROR
Packages required but not available:
'TxDb.Hsapiens.UCSC.hg38.knownGene',
'TxDb.Mmusculus.UCSC.mm10.knownGene'
See section ‘The DESCRIPTION file’ in the ‘Writing R Extensions’
manual.
Flavor: r-oldrel-macos-x86_64