Last updated on 2024-05-21 02:01:54 CEST.
Flavor | Version | Tinstall | Tcheck | Ttotal | Status | Flags |
---|---|---|---|---|---|---|
r-devel-linux-x86_64-debian-clang | 0.1.0 | 3.99 | 29.15 | 33.14 | OK | |
r-devel-linux-x86_64-debian-gcc | 0.1.0 | 4.49 | 22.30 | 26.79 | OK | |
r-devel-linux-x86_64-fedora-clang | 0.1.0 | 43.23 | NOTE | |||
r-devel-linux-x86_64-fedora-gcc | 0.1.0 | 40.94 | NOTE | |||
r-devel-windows-x86_64 | 0.1.0 | 7.00 | 45.00 | 52.00 | OK | |
r-patched-linux-x86_64 | 0.1.0 | 6.33 | 28.24 | 34.57 | OK | |
r-release-linux-x86_64 | 0.1.0 | 4.78 | 27.88 | 32.66 | OK | |
r-release-macos-arm64 | 0.1.0 | 19.00 | OK | |||
r-release-windows-x86_64 | 0.1.0 | 6.00 | 46.00 | 52.00 | OK | |
r-oldrel-macos-arm64 | 0.1.0 | 23.00 | OK | |||
r-oldrel-macos-x86_64 | 0.1.0 | 31.00 | OK | |||
r-oldrel-windows-x86_64 | 0.1.0 | 10.00 | 48.00 | 58.00 | OK |
Version: 0.1.0
Check: data for non-ASCII characters
Result: NOTE
Note: found 171 marked UTF-8 strings
Flavors: r-devel-linux-x86_64-fedora-clang, r-devel-linux-x86_64-fedora-gcc