Last updated on 2024-05-21 02:02:26 CEST.
Flavor | Version | Tinstall | Tcheck | Ttotal | Status | Flags |
---|---|---|---|---|---|---|
r-devel-linux-x86_64-debian-clang | 1.0 | 2.89 | 33.84 | 36.73 | NOTE | |
r-devel-linux-x86_64-debian-gcc | 1.0 | 2.35 | 24.93 | 27.28 | NOTE | |
r-devel-linux-x86_64-fedora-clang | 1.0 | 44.95 | NOTE | |||
r-devel-linux-x86_64-fedora-gcc | 1.0 | 43.41 | NOTE | |||
r-devel-windows-x86_64 | 1.0 | 4.00 | 46.00 | 50.00 | OK | |
r-patched-linux-x86_64 | 1.0 | 2.12 | 32.57 | 34.69 | NOTE | |
r-release-linux-x86_64 | 1.0 | 2.99 | 32.23 | 35.22 | NOTE | |
r-release-macos-arm64 | 1.0 | 17.00 | OK | |||
r-release-windows-x86_64 | 1.0 | 4.00 | 45.00 | 49.00 | OK | |
r-oldrel-macos-arm64 | 1.0 | 18.00 | OK | |||
r-oldrel-macos-x86_64 | 1.0 | 26.00 | OK | |||
r-oldrel-windows-x86_64 | 1.0 | 4.00 | 49.00 | 53.00 | OK |
Version: 1.0
Check: for non-standard things in the check directory
Result: NOTE
Found the following files/directories:
‘ReconstructedData.txt’ ‘ReconstructedDataStDev.txt’
‘ResampledReconstructions.txt’
‘ResampledReconstructionsStandardVariation.txt’
Flavors: r-devel-linux-x86_64-debian-clang, r-devel-linux-x86_64-debian-gcc, r-devel-linux-x86_64-fedora-clang, r-devel-linux-x86_64-fedora-gcc, r-patched-linux-x86_64, r-release-linux-x86_64