Last updated on 2024-05-21 02:02:25 CEST.
Flavor | Version | Tinstall | Tcheck | Ttotal | Status | Flags |
---|---|---|---|---|---|---|
r-devel-linux-x86_64-debian-clang | 0.1 | 8.34 | 87.41 | 95.75 | NOTE | |
r-devel-linux-x86_64-debian-gcc | 0.1 | 6.81 | 66.19 | 73.00 | NOTE | |
r-devel-linux-x86_64-fedora-clang | 0.1 | 117.99 | NOTE | |||
r-devel-linux-x86_64-fedora-gcc | 0.1 | 114.76 | NOTE | |||
r-devel-windows-x86_64 | 0.1 | 8.00 | 96.00 | 104.00 | NOTE | |
r-patched-linux-x86_64 | 0.1 | 6.23 | 86.23 | 92.46 | NOTE | |
r-release-linux-x86_64 | 0.1 | 7.55 | 84.48 | 92.03 | NOTE | |
r-release-macos-arm64 | 0.1 | 35.00 | NOTE | |||
r-release-windows-x86_64 | 0.1 | 7.00 | 79.00 | 86.00 | NOTE | |
r-oldrel-macos-arm64 | 0.1 | 40.00 | NOTE | |||
r-oldrel-macos-x86_64 | 0.1 | 65.00 | NOTE | |||
r-oldrel-windows-x86_64 | 0.1 | 10.00 | 170.00 | 180.00 | NOTE |
Version: 0.1
Check: LazyData
Result: NOTE
'LazyData' is specified without a 'data' directory
Flavors: r-devel-linux-x86_64-debian-clang, r-devel-linux-x86_64-debian-gcc, r-devel-linux-x86_64-fedora-clang, r-devel-linux-x86_64-fedora-gcc, r-devel-windows-x86_64, r-patched-linux-x86_64, r-release-linux-x86_64, r-release-macos-arm64, r-release-windows-x86_64, r-oldrel-macos-arm64, r-oldrel-macos-x86_64, r-oldrel-windows-x86_64