Last updated on 2024-05-21 02:02:13 CEST.
Flavor | Version | Tinstall | Tcheck | Ttotal | Status | Flags |
---|---|---|---|---|---|---|
r-devel-linux-x86_64-debian-clang | 1.0.3 | 131.51 | 34.86 | 166.37 | OK | |
r-devel-linux-x86_64-debian-gcc | 1.0.3 | 99.96 | 27.02 | 126.98 | OK | |
r-devel-linux-x86_64-fedora-clang | 1.0.3 | 235.66 | OK | |||
r-devel-linux-x86_64-fedora-gcc | 1.0.3 | 246.21 | OK | |||
r-devel-windows-x86_64 | 1.0.3 | 106.00 | 63.00 | 169.00 | OK | |
r-patched-linux-x86_64 | 1.0.3 | 117.65 | 33.79 | 151.44 | OK | |
r-release-linux-x86_64 | 1.0.3 | 120.55 | 34.76 | 155.31 | OK | |
r-release-macos-arm64 | 1.0.3 | 85.00 | NOTE | |||
r-release-windows-x86_64 | 1.0.3 | 102.00 | 64.00 | 166.00 | OK | |
r-oldrel-macos-arm64 | 1.0.3 | 58.00 | NOTE | |||
r-oldrel-macos-x86_64 | 1.0.3 | 72.00 | NOTE | |||
r-oldrel-windows-x86_64 | 1.0.3 | 127.00 | 75.00 | 202.00 | OK |
Version: 1.0.3
Check: installed package size
Result: NOTE
installed size is 5.1Mb
sub-directories of 1Mb or more:
libs 5.0Mb
Flavors: r-release-macos-arm64, r-oldrel-macos-arm64, r-oldrel-macos-x86_64