Last updated on 2024-05-21 02:02:11 CEST.
Flavor | Version | Tinstall | Tcheck | Ttotal | Status | Flags |
---|---|---|---|---|---|---|
r-devel-linux-x86_64-debian-clang | 2.21.11 | 1720.79 | 411.93 | 2132.72 | NOTE | |
r-devel-linux-x86_64-debian-gcc | 2.21.11 | 1496.12 | 435.06 | 1931.18 | NOTE | |
r-devel-linux-x86_64-fedora-clang | 2.21.11 | 2792.68 | NOTE | |||
r-devel-linux-x86_64-fedora-gcc | 2.21.11 | 3410.88 | NOTE | |||
r-devel-windows-x86_64 | 2.21.11 | 1231.00 | 473.00 | 1704.00 | NOTE | |
r-patched-linux-x86_64 | 2.21.11 | 1907.45 | 577.45 | 2484.90 | NOTE | |
r-release-linux-x86_64 | 2.21.11 | 1894.47 | 557.15 | 2451.62 | NOTE | |
r-release-macos-arm64 | 2.21.11 | 563.00 | NOTE | |||
r-release-windows-x86_64 | 2.21.11 | 1244.00 | 471.00 | 1715.00 | NOTE | |
r-oldrel-macos-arm64 | 2.21.11 | 492.00 | NOTE | |||
r-oldrel-macos-x86_64 | 2.21.11 | 373.00 | NOTE | |||
r-oldrel-windows-x86_64 | 2.21.11 | 1539.00 | 623.00 | 2162.00 | NOTE |
Version: 2.21.11
Check: for GNU extensions in Makefiles
Result: NOTE
GNU make is a SystemRequirements.
Flavors: r-devel-linux-x86_64-debian-clang, r-devel-linux-x86_64-debian-gcc, r-devel-linux-x86_64-fedora-clang, r-devel-linux-x86_64-fedora-gcc, r-devel-windows-x86_64, r-patched-linux-x86_64, r-release-linux-x86_64, r-release-macos-arm64, r-release-windows-x86_64, r-oldrel-macos-arm64, r-oldrel-macos-x86_64, r-oldrel-windows-x86_64
Version: 2.21.11
Check: installed package size
Result: NOTE
installed size is 17.3Mb
sub-directories of 1Mb or more:
R 2.6Mb
data 1.4Mb
libs 6.1Mb
models 4.8Mb
Flavors: r-devel-linux-x86_64-fedora-clang, r-devel-windows-x86_64, r-release-macos-arm64, r-release-windows-x86_64, r-oldrel-macos-arm64, r-oldrel-macos-x86_64, r-oldrel-windows-x86_64