Last updated on 2024-05-21 02:02:10 CEST.
Flavor | Version | Tinstall | Tcheck | Ttotal | Status | Flags |
---|---|---|---|---|---|---|
r-devel-linux-x86_64-debian-clang | 1.47.5 | 22.04 | 199.66 | 221.70 | NOTE | |
r-devel-linux-x86_64-debian-gcc | 1.47.5 | 17.04 | 142.62 | 159.66 | NOTE | |
r-devel-linux-x86_64-fedora-clang | 1.47.5 | 264.68 | NOTE | |||
r-devel-linux-x86_64-fedora-gcc | 1.47.5 | 250.22 | NOTE | |||
r-devel-windows-x86_64 | 1.47.5 | 16.00 | 158.00 | 174.00 | OK | |
r-patched-linux-x86_64 | 1.47.5 | 21.80 | 183.18 | 204.98 | NOTE | |
r-release-linux-x86_64 | 1.47.5 | 16.96 | 183.73 | 200.69 | NOTE | |
r-release-macos-arm64 | 1.47.5 | 69.00 | OK | |||
r-release-windows-x86_64 | 1.47.5 | 17.00 | 327.00 | 344.00 | OK | |
r-oldrel-macos-arm64 | 1.47.5 | 73.00 | OK | |||
r-oldrel-macos-x86_64 | 1.47.5 | 133.00 | OK | |||
r-oldrel-windows-x86_64 | 1.47.5 | 23.00 | 197.00 | 220.00 | OK |
Version: 1.47.5
Check: Rd cross-references
Result: NOTE
Unknown package ‘wgeesel’ in Rd xrefs
Flavors: r-devel-linux-x86_64-debian-clang, r-devel-linux-x86_64-debian-gcc, r-devel-linux-x86_64-fedora-gcc, r-patched-linux-x86_64, r-release-linux-x86_64
Version: 1.47.5
Check: Rd cross-references
Result: NOTE
Undeclared packages ‘AICcmodavg’, ‘bbmle’, ‘glmulti’, ‘arm’, ‘performance’, ‘wgeesel’, ‘ape’, ‘bestglm’, ‘leaps’, ‘glmmTMB’, ‘brglm’, ‘quantreg’, ‘maxlike’, ‘RMark’ in Rd xrefs
Unknown package ‘wgeesel’ in Rd xrefs
Flavor: r-devel-linux-x86_64-fedora-clang