Last updated on 2024-05-21 02:02:09 CEST.
Flavor | Version | Tinstall | Tcheck | Ttotal | Status | Flags |
---|---|---|---|---|---|---|
r-devel-linux-x86_64-debian-clang | 0.4.0 | 2.00 | 29.11 | 31.11 | NOTE | |
r-devel-linux-x86_64-debian-gcc | 0.4.0 | 1.79 | 21.78 | 23.57 | NOTE | |
r-devel-linux-x86_64-fedora-clang | 0.4.0 | 38.55 | NOTE | |||
r-devel-linux-x86_64-fedora-gcc | 0.4.0 | 36.40 | NOTE | |||
r-devel-windows-x86_64 | 0.4.0 | 3.00 | 53.00 | 56.00 | NOTE | |
r-patched-linux-x86_64 | 0.4.0 | 2.57 | 27.76 | 30.33 | NOTE | |
r-release-linux-x86_64 | 0.4.0 | 2.05 | 27.77 | 29.82 | NOTE | |
r-release-macos-arm64 | 0.4.0 | 15.00 | NOTE | |||
r-release-windows-x86_64 | 0.4.0 | 3.00 | 51.00 | 54.00 | NOTE | |
r-oldrel-macos-arm64 | 0.4.0 | 17.00 | NOTE | |||
r-oldrel-macos-x86_64 | 0.4.0 | 24.00 | NOTE | |||
r-oldrel-windows-x86_64 | 0.4.0 | 3.00 | 50.00 | 53.00 | NOTE |
Version: 0.4.0
Check: LazyData
Result: NOTE
'LazyData' is specified without a 'data' directory
Flavors: r-devel-linux-x86_64-debian-clang, r-devel-linux-x86_64-debian-gcc, r-devel-linux-x86_64-fedora-clang, r-devel-linux-x86_64-fedora-gcc, r-devel-windows-x86_64, r-patched-linux-x86_64, r-release-linux-x86_64, r-release-macos-arm64, r-release-windows-x86_64, r-oldrel-macos-arm64, r-oldrel-macos-x86_64, r-oldrel-windows-x86_64