Last updated on 2024-05-21 02:02:07 CEST.
Flavor | Version | Tinstall | Tcheck | Ttotal | Status | Flags |
---|---|---|---|---|---|---|
r-devel-linux-x86_64-debian-clang | 1.1.0 | 10.94 | 100.43 | 111.37 | NOTE | |
r-devel-linux-x86_64-debian-gcc | 1.1.0 | 7.85 | 72.83 | 80.68 | NOTE | |
r-devel-linux-x86_64-fedora-clang | 1.1.0 | 134.69 | NOTE | |||
r-devel-linux-x86_64-fedora-gcc | 1.1.0 | 142.02 | NOTE | |||
r-devel-windows-x86_64 | 1.1.0 | 9.00 | 91.00 | 100.00 | NOTE | |
r-patched-linux-x86_64 | 1.1.0 | 12.10 | 94.84 | 106.94 | NOTE | |
r-release-linux-x86_64 | 1.1.0 | 10.12 | 93.60 | 103.72 | NOTE | |
r-release-macos-arm64 | 1.1.0 | 54.00 | NOTE | |||
r-release-windows-x86_64 | 1.1.0 | 8.00 | 93.00 | 101.00 | NOTE | |
r-oldrel-macos-arm64 | 1.1.0 | 50.00 | NOTE | |||
r-oldrel-macos-x86_64 | 1.1.0 | 86.00 | NOTE | |||
r-oldrel-windows-x86_64 | 1.1.0 | 11.00 | 110.00 | 121.00 | NOTE |
Version: 1.1.0
Check: LazyData
Result: NOTE
'LazyData' is specified without a 'data' directory
Flavors: r-devel-linux-x86_64-debian-clang, r-devel-linux-x86_64-debian-gcc, r-devel-linux-x86_64-fedora-clang, r-devel-linux-x86_64-fedora-gcc, r-devel-windows-x86_64, r-patched-linux-x86_64, r-release-linux-x86_64, r-release-macos-arm64, r-release-windows-x86_64, r-oldrel-macos-arm64, r-oldrel-macos-x86_64, r-oldrel-windows-x86_64
Version: 1.1.0
Check: Rd cross-references
Result: NOTE
Undeclared package ‘zoo’ in Rd xrefs
Flavor: r-devel-linux-x86_64-fedora-clang